6 and 3804?
1268
Calculate the greatest common divisor of 96642623 and 15268.
3817
What is the highest common factor of 12218 and 468456?
298
What is the highest common factor of 2712 and 7902?
6
Calculate the highest common factor of 3504 and 92586265.
73
What is the greatest common divisor of 220984 and 9936?
184
Calculate the greatest common factor of 8100 and 26864460.
1620
What is the greatest common factor of 53 and 2850201988?
53
What is the highest common divisor of 97451 and 1445932?
223
Calculate the greatest common divisor of 214053214 and 284.
142
What is the greatest common factor of 1731280 and 6840?
760
Calculate the highest common factor of 13475 and 35704900.
1925
What is the highest common divisor of 80 and 28544928?
16
Calculate the greatest common divisor of 2994771 and 27.
3
Calculate the greatest common factor of 17839359 and 2916.
729
Calculate the greatest common divisor of 1537 and 20085781.
53
Calculate the greatest common factor of 12228 and 285.
3
Calculate the highest common divisor of 23673914 and 28006.
1474
What is the highest common divisor of 2236 and 507529?
43
Calculate the highest common divisor of 1424 and 4037485.
89
Calculate the greatest common factor of 1936544 and 562062.
1658
Calculate the highest common factor of 6746 and 78074831.
3373
Calculate the greatest common divisor of 240 and 25444080.
240
What is the greatest common factor of 2591 and 127837349?
2591
What is the highest common factor of 16069625 and 189875?
3875
What is the highest common factor of 1007014 and 23146?
326
What is the greatest common divisor of 126 and 343532?
14
Calculate the highest common divisor of 143 and 36364966.
11
Calculate the highest common factor of 66858769 and 3243.
1081
What is the greatest common factor of 592 and 10423492?
148
Calculate the highest common divisor of 59390800 and 2100.
700
Calculate the greatest common divisor of 4526018 and 76937.
2653
Calculate the greatest common divisor of 126403100 and 185.
185
What is the greatest common factor of 3085007 and 149787?
1513
What is the highest common divisor of 6918330 and 160?
10
Calculate the greatest common factor of 1467426 and 448944.
1194
What is the greatest common divisor of 124876737 and 1047?
1047
What is the highest common divisor of 14376 and 491779?
599
What is the highest common divisor of 33 and 21631905?
3
What is the greatest common factor of 148216 and 116892?
764
What is the highest common divisor of 335118 and 21014?
1106
Calculate the highest common divisor of 808875 and 1075.
25
Calculate the highest common divisor of 157775 and 9875.
25
Calculate the highest common factor of 20 and 37538918.
2
What is the highest common divisor of 208 and 45926868?
52
Calculate the greatest common factor of 21821766 and 1340.
134
What is the highest common divisor of 1191 and 15539374?
397
Calculate the highest common factor of 22099176 and 9088.
568
What is the greatest common factor of 61140194 and 34?
34
Calculate the greatest common divisor of 19831012 and 1044.
116
Calculate the greatest common divisor of 93484792 and 3127.
3127
Calculate the greatest common factor of 132360 and 735.
15
Calculate the greatest common factor of 52533 and 19361329.
5837
Calculate the highest common factor of 1293 and 70232743.
431
Calculate the greatest common divisor of 13785467 and 10772.
2693
Calculate the highest common divisor of 69134 and 23931.
2659
What is the highest common factor of 17307734 and 11594?
1054
What is the highest common factor of 14850 and 586850?
550
Calculate the greatest common divisor of 8239515 and 223815.
5205
Calculate the highest common factor of 3318093 and 116.
29
What is the greatest common divisor of 5354515 and 6713470?
11615
What is the highest common divisor of 42298757 and 82?
41
What is the greatest common divisor of 146999 and 131291?
17
What is the greatest common divisor of 241050930 and 1110?
1110
What is the greatest common divisor of 334931268 and 1176?
588
Calculate the greatest common factor of 25429885 and 590.
295
What is the highest common factor of 11327572 and 6441?
2147
What is the greatest common divisor of 1765678 and 78446?
1286
What is the highest common divisor of 9920 and 652654160?
2480
Calculate the greatest common factor of 382860 and 3060.
180
Calculate the highest common divisor of 27141366 and 104538.
5502
What is the greatest common factor of 35 and 4160195?
5
What is the greatest common factor of 1196 and 303914?
26
Calculate the highest common divisor of 79517578 and 92.
46
Calculate the greatest common factor of 875 and 209036375.
125
What is the greatest common divisor of 3408 and 617558?
142
Calculate the highest common factor of 270817 and 5243.
107
Calculate the highest common factor of 824022 and 32418.
18
Calculate the highest common divisor of 67285 and 20.
5
What is the greatest common divisor of 73010 and 473741030?
10430
What is the greatest common divisor of 324 and 29722977?
27
What is the greatest common divisor of 85 and 158795283?
17
Calculate the greatest common divisor of 28 and 50223271.
7
What is the highest common divisor of 45816329 and 5486?
2743
What is the greatest common factor of 154438 and 966281?
2087
What is the greatest common divisor of 1644040 and 138?
46
What is the greatest common divisor of 123711802 and 10810?
2162
Calculate the greatest common factor of 803 and 409741773.
73
Calculate the greatest common factor of 578 and 941273.
289
What is the highest common divisor of 2142 and 587520?
306
What is the greatest common factor of 765752 and 134199?
481
Calculate the highest common factor of 4497220 and 84035.
245
Calculate the greatest common factor of 9 and 1528.
1
Calculate the highest common factor of 38433092 and 138.
46
Calculate the highest common factor of 2198249 and 4599.
73
What is the greatest common factor of 360836 and 211715?
1841
What is the highest common factor of 119 and 4168655?
17
What is the highest common divisor of 6117270 and 30?
30
Calculate the highest common factor of 22830055 and 321.
107
Calculate the highest common divisor of 18886 and 6887.
71
What is the highest common factor of 51021894 and 140?
14
Calculate the greatest common divisor of 3388606 and 16.
2
What is the highest common factor of 517513863 and 219?
219
Calculate the greatest common divisor of 136 and 869024088.
136
What is the greatest common divisor of 23349 and 366489?
129
Calculate the greatest common divisor of 130 and 4794296.
26
Calculate the highest common divisor of 3260 and 751756.
652
Calculate the greatest common divisor of 1705 and 99676315.
155
What is the greatest common factor of 270 and 37655?
5
Calculate the highest common factor of 430 and 157713594.
86
Calculate the greatest common divisor of 3240 and 3966408.
648
Calculate the greatest common factor of 392 and 68254550.
98
Calculate the greatest common factor of 50547 and 3507.
21
What is the highest common divisor of 1468627 and 179724?
881
What is the greatest common divisor of 2195136 and 1538016?
3552
What is the greatest common divisor of 881144 and 440?
88
What is the greatest common factor of 551 and 89673046?
551
Calculate the highest common divisor of 39 and 13798135.
13
What is the highest common factor of 4131 and 1465434?
153
What is the highest common divisor of 88 and 120513019?
11
What is the greatest common divisor of 35883 and 77193?
81
What is the highest common divisor of 13800 and 26164200?
600
What is the highest common divisor of 10 and 1023370?
10
Calculate the highest common divisor of 52302946 and 4024.
1006
What is the greatest common divisor of 265930 and 153265?
1015
Calculate the highest common divisor of 7 and 75696691.
7
What is the highest common factor of 96269152 and 288?
32
What is the greatest common divisor of 58174 and 25478501?
1711
Calculate the greatest common factor of 175 and 6890975.
175
Calculate the greatest common divisor of 8864 and 6129349632.
8864
Calculate the highest common divisor of 8935 and 1079794750.
8935
What is the highest common divisor of 26087262 and 24?
6
What is the greatest common factor of 4742298 and 5302?
22
Calculate the greatest common factor of 1467 and 4419582.
489
What is the highest common divisor of 20606400 and 800